8130?
True
Does 263 divide 695714163?
True
Is 864275784 a multiple of 51?
True
Does 5 divide 16668946?
False
Is 926874 a multiple of 466?
True
Does 17 divide 68983606?
False
Does 144 divide 125892432?
True
Is 2805510 a multiple of 34?
True
Is 182490234 a multiple of 155?
False
Is 3661 a factor of 1717140796?
True
Does 1218 divide 249751991?
False
Is 69234275 a multiple of 653?
False
Is 374196992 a multiple of 416?
True
Does 1214 divide 115605562?
False
Is 102 a factor of 43268037?
False
Does 519 divide 936276?
True
Does 516 divide 397668614?
False
Is 10356656 a multiple of 4?
True
Is 54 a factor of 123949818?
True
Does 34 divide 4526522?
True
Is 126083195 a multiple of 569?
False
Does 21 divide 17265213?
True
Is 106 a factor of 6220374?
False
Is 5 a factor of 3724760?
True
Does 527 divide 5577427201?
False
Does 2368 divide 8655040?
True
Is 540 a factor of 372578?
False
Is 13589075 a multiple of 1526?
False
Is 4945320 a multiple of 30?
True
Does 39 divide 373088922?
False
Is 1174206833 a multiple of 1075?
False
Is 29058216 a multiple of 66?
True
Is 238455806 a multiple of 101?
False
Is 3112 a factor of 19223532?
False
Is 1021821156 a multiple of 333?
True
Is 33222581 a multiple of 7?
True
Does 2 divide 78649597?
False
Is 23690073 a multiple of 71?
True
Does 7041 divide 148811535?
True
Does 1499 divide 35968505?
True
Is 6311 a factor of 246263322?
False
Is 16 a factor of 68220624?
True
Does 1131 divide 8189315833?
False
Is 183201237 a multiple of 31?
False
Is 484570178 a multiple of 35?
False
Is 99317064 a multiple of 16?
False
Is 2 a factor of 11316704?
True
Does 572 divide 183364324?
True
Does 7 divide 2440983958?
True
Is 515 a factor of 272765324?
False
Is 415675530 a multiple of 110?
False
Is 692 a factor of 139452181?
False
Is 6633649 a multiple of 43?
False
Is 2309739950 a multiple of 10025?
True
Is 984 a factor of 35547283?
False
Does 7 divide 142085020?
True
Is 14358738 even?
True
Does 353 divide 1611092?
True
Is 63332243 a multiple of 235?
False
Is 990388211 a multiple of 130?
False
Does 29 divide 64666404?
True
Is 246474280 a multiple of 949?
True
Does 15 divide 190272945?
True
Is 22 a factor of 39859446?
True
Is 28 a factor of 41250699?
False
Does 72 divide 197064648?
True
Does 46 divide 759219512?
True
Does 19 divide 495563180?
False
Is 747 a factor of 157570408?
False
Is 86 a factor of 3686582968?
False
Does 75 divide 2062466?
False
Does 148 divide 64728333?
False
Is 24 a factor of 988297847?
False
Does 9 divide 38061892?
False
Does 58 divide 1951517?
False
Is 91055896 a multiple of 46?
True
Does 2559 divide 255670977?
False
Is 131829694 a multiple of 33?
False
Is 56378921 a multiple of 3209?
True
Is 1074561453 a multiple of 54?
False
Is 11501 a factor of 5013826447?
True
Is 72832656 a multiple of 652?
False
Does 73 divide 85511400?
False
Is 190 a factor of 3648992293?
False
Is 1044 a factor of 125962500?
False
Does 1380 divide 534134520?
True
Is 3867 a factor of 300910091?
False
Is 1291403861 a multiple of 17?
True
Is 111 a factor of 78336784?
False
Is 8020017 a multiple of 98?
False
Is 286240787 a multiple of 155?
False
Is 22 a factor of 2120305?
False
Is 41 a factor of 13968053?
False
Does 305 divide 1378724017?
False
Is 403163299 a multiple of 13?
False
Does 87 divide 170077344?
True
Does 331 divide 68080742?
True
Is 176 a factor of 50169328?
True
Does 1138 divide 210996580?
True
Does 42 divide 31912391?
False
Does 1346 divide 100614846?
True
Is 412860 a multiple of 210?
True
Is 1617 a factor of 79181364?
False
Is 9 a factor of 73577376?
True
Does 83 divide 37107568?
False
Is 53119650 a multiple of 75?
True
Does 949 divide 1811484415?
True
Is 222 a factor of 48579703?
False
Does 29 divide 34178501?
True
Is 3733180615 a multiple of 3919?
True
Is 5 a factor of 1859450?
True
Is 4 a factor of 56884?
True
Is 908602734 a multiple of 50?
False
Is 336 a factor of 241642213?
False
Does 135 divide 584752544?
False
Is 44658020 a multiple of 55?
True
Is 16235308 a multiple of 1906?
True
Is 44 a factor of 22056878?
False
Is 142388864 a multiple of 930?
False
Is 68251653 a multiple of 4675?
False
Does 82 divide 392353231?
False
Is 3896526 even?
True
Is 6159240 a multiple of 17?
False
Does 573 divide 425291487?
True
Does 11872 divide 1615262040?
False
Does 100 divide 26369311?
False
Is 140 a factor of 12803596?
False
Does 3509 divide 183473323?
False
Does 48 divide 22710847?
False
Is 363 a factor of 5733022?
False
Is 6 a factor of 500923307?
False
Does 2842 divide 116749889?
False
Is 624952504 a multiple of 443?
True
Is 163267636 a multiple of 14?
True
Is 4 a factor of 182926940?
True
Is 5371 a factor of 1224416933?
False
Does 53 divide 653241850?
False
Does 57 divide 3437704?
False
Does 1811 divide 138452761?
True
Is 60271151 a multiple of 929?
False
Is 86 a factor of 133124474?
True
Does 24 divide 2380104?
True
Does 434 divide 478815708?
True
Does 25 divide 217981601?
False
Is 544218774 a multiple of 22?
True
Is 96433904 a multiple of 1798?
False
Is 447 a factor of 72816747?
True
Is 54316528 a multiple of 581?
True
Does 289 divide 306711943?
True
Is 328757684 a multiple of 41?
False
Is 45 a factor of 170506170?
True
Is 3058601 a multiple of 4?
False
Does 355 divide 228195420?
True
Does 111 divide 3614164662?
True
Is 38438700 a multiple of 15?
True
Is 10430353 a multiple of 3?
False
Does 9 divide 1652927282?
False
Does 394 divide 1165355076?
True
Does 303 divide 7481373?
True
Is 30997854 a multiple of 699?
True
Does 84 divide 2792232321?
False
Does 18 divide 31548066?
False
Is 25731548 a multiple of 19?
True
Does 1919 divide 48403566?
False
Does 4184 divide 1039869638?
False
Does 47 divide 1596281175?
False
Does 70 divide 332327170?
True
Does 1199 divide 46484031?
True
Does 12 divide 3881595600?
True
Is 2334115202 a multiple of 10595?
False
Does 12 divide 460595073?
False
Is 1016211328 a multiple of 1772?
False
Is 10 a factor of 1058396669?
False
Is 639887104 a multiple of 8?
True
Is 489246295 a multiple of 19?
True
Is 229722674 a multiple of 1952?
False
Is 41 a factor of 15005175?
False
Is 127 a factor of 137734167?
True
Does 18 divide 219679560?
True
Is 20618011 a multiple of 3?
False
Does 47 divide 17556514?
False
Does 1564 divide 20244825?
False
Is 317889241 a multiple of 214?
False
Is 172519709 a multiple of 2882?
False
Is 2137184 a multiple of 8?
True
Is 175618317 a multiple of 2139?
True
Is 160447148 a multiple of 11?
False
Is 54 a factor of 61915333?
False
Is 13397266 a multiple of 24?
False
Is 151 a factor of 1882131799?
True
Does 16 divide 2152337142?
False
Does 7 divide 26118453?
False
Does 15 divide 89779?
False
Does 11 divide 5792303?
True
Does 124 divide 1376574840?
True
Is 6106266730 a multiple of 13?
False
Is 822 a factor of 677184686?
False
Is 519 a factor of 749609849?
False
Does 16 divide 11733681?
False
Is 2 a factor of 5112541?
False
Does 116 divide 2162982864?
True
Is 92 a factor of 7671782?
False
Is 79 a factor of 2327807379?
False
Is 80605404 a multiple of 36?
True
Is 797 a factor of 42390423?
False
Does 46 divide 39086082?
False
Does 389 divide 30295414?
False
Is 6 a factor of 227375606?
False
Is 171432480 a multiple of 82?
True
Is 36 a factor of 427013856?
True
Is 2386117825 a multiple of 795?
False
Is 119463258 a multiple of 2906?
False
Is 3164727248 a multiple of 3184?
True
Does 39 divide 6744951?
False
Is 7439652 a multiple of 3?
True
Does 1755 divide 60728265?
True
Does 311 divide 1951303?
False
Does 356 divide 13633732?
True
Is 8 a factor of 105401320?
True
Is 149029892 a multiple of 5?
False
Is 56 a factor of 10192672?
True
Does 15 divide 100334709?
False
Is 9198790 even?
True
Is 14888328 a multiple of 952?
True
Is 4024002 a multiple of 17?
True
Is 32 a factor of 20285376?
True
Is 13 a factor of 51606295?
True
Does 5814 divide 489803718?
False
Is 64709404 a multiple of 23?
False
Does 1778 divide 661714336?
False
Is 2766 a factor of 117212016?
True
Is 776702862 a multiple of 117?
True
Is 872896 a multiple of 14?
False
Does 220 divide 175191540?
False
Is 10 a factor of 117486506?
False
Is 14861433 a multiple of 1198?
False
Is 326 a factor of 654400664?
True
Is 684 a factor of 58495247?
False
Is 29965200 a multiple of 400?
True
Is 112889717 a multiple of 1374?
False
Does 144 divide 357716206?
False
Is 103 a f